 third derivative of -3*c**6/10 - c**5/60 - c**4/24 - c**3/6 + c**2. Let v be 0 + 1 - (0 + 2). Is d(v) prime?
False
Suppose s = 128 - 35. Suppose -s - 90 = -a. Is a prime?
False
Is 1/((-3)/1123*2/(-6)) prime?
True
Let f(n) = -69*n - 2. Let o be f(-2). Is ((-4)/8)/((-2)/o) a prime number?
False
Let l be (-11 - -11)*(-1)/(-3). Let a be (388/(-6))/((-1)/3). Suppose l*u = -2*u + a. Is u a prime number?
True
Suppose -7 = 5*u + 23. Let g(c) = -17*c + 13. Is g(u) prime?
False
Let c(x) be the third derivative of 0*x + 0*x**4 + 0 + 3*x**2 + 1/12*x**5 - 1/6*x**3. Is c(-4) composite?
False
Let m(i) = 9 + 3*i + i**2 - 2*i + 6*i. Let d be m(-7). Let h = 2 + d. Is h prime?
True
Let d(q) = -2*q**2 - 17*q + 14. Let t(m) = m**2 + m + 1. Let g(j) = d(j) + 5*t(j). Is g(8) prime?
False
Let r(a) = 16*a**2 - a + 11. Is r(8) a prime number?
False
Suppose 5*p - 4*p = 853. Is p a prime number?
True
Let p(k) be the third derivative of 19*k**9/60480 - k**7/5040 + k**6/720 - k**5/60 - 2*k**2. Let s(u) be the third derivative of p(u). Is s(1) prime?
True
Suppose -257 = -5*s - 62. Is s composite?
True
Suppose 4*k = k - 9. Let s = k + 26. Is s prime?
True
Let r(f) = f**3 + 5*f**2 + 4*f + 2. Let n be r(-4). Let s be n/5 + (-2)/5. Suppose -h + 51 - 16 = s. Is h a prime number?
False
Let t be (-2)/6*27/(-3). Let p = 6 - t. Suppose -3*v - 2*h = -159, p*h = 5*v - 96 - 150. Is v a prime number?
False
Let n be 1*1/(2/1258). Let z = 745 + -1073. Let y = z + n. Is y composite?
True
Let t = -1147 + 1613. Is t a composite number?
True
Let k(g) = 40*g**3 + 2*g**2 + 3*g - 3. Is k(2) composite?
False
Suppose -5*n + 24 = -1. Suppose -7*b + 2*k + 275 = -2*b, n*b - 275 = -5*k. Is b prime?
False
Is (-4)/(12/9) + 206 composite?
True
Suppose 3*o - 4 = 2. Suppose 0 = -p - 5*j - o, 4 - 1 = 2*p + 3*j. Suppose d = p*d - 262. Is d composite?
False
Suppose 0 = -3*w + j + 280, 0 = -w + 2*w + 2*j - 105. Is w prime?
False
Let u be (1 - 1)/(2 + 0). Let m = u + 49. Is m composite?
True
Let y be (-1)/(-2)*4 + -2. Suppose c - 238 = -2*a + 4*c, -3*a - 5*c + 319 = y. Is a prime?
True
Let y be (-472)/(-14) + 14/49. Let d = y - 15. Is d composite?
False
Let m(d) = 2*d + 10. Let v be m(7). Suppose 0 = -o - 3*o - v. Is (1/(-2))/(o/660) composite?
True
Is 2234*6/36*3/1 composite?
False
Suppose -118*w + 122*w - 6164 = 0. Is w prime?
False
Let l(w) = -115*w - 10. Is l(-5) composite?
True
Suppose 0 = -2*l + 5*j + 16, 0 = 3*j - 0*j + 6. Let o(t) = 1 + 2*t**2 + 0*t - 2 - 7*t**l + t - 6*t**3. Is o(-2) prime?
True
Let r(h) = h**3 + 4*h**2 - h - 1. Let k be r(-4). Suppose -3*v = -3*d + 231, k*d - 2*d = 2*v + 151. Is v/(-10) - (-2)/(-5) a prime number?
True
Let h(l) = -7*l + 1. Let k be h(-2). Let n be (-44)/(-3)*k/2. Suppose -2*w = -4*w + n. Is w prime?
False
Let i(y) = y**3 - 6*y**2 - 4*y - 2. Suppose -h = 4 - 11. Is i(h) a composite number?
False
Let s = 28 + -7. Is s a composite number?
True
Suppose -182 - 151 = -3*v. Let k = v + -53. Is k composite?
True
Suppose 3*z - 3*q = 4*z - 8722, -3*q = -2*z + 17489. Is z composite?
False
Let k(s) = s - 2. Let a be k(4). Suppose a*l = -2*g + 20, -4*l + 2*g + 19 = -3*l. Is l prime?
True
Let p = -89 - -2. Let t = -32 - p. Is t composite?
True
Let h(i) be the second derivative of -2*i + 0 - i**2 + 11/6*i**3. Is h(5) composite?
False
Suppose -2*q + 139 = h, -5*h - q + 524 = -198. Is h prime?
False
Let p = 171 - 310. Let y = p + 260. Is y composite?
True
Suppose 2*d = 7*d - 1055. Is d composite?
False
Suppose 2*z = 0, 42 = -2*l + 5*l - z. Let p = l + -21. Is (p*(-2)/1)/1 prime?
False
Let y be 18/63 - 23/7. Let g(b) = -b**3 - 3*b**2 - b - 4. Let u be g(y). Is (10/(-4) - u)*-26 a prime number?
False
Is (3 - -3 - 2)*(-2452)/(-16) a composite number?
False
Let i be (-9 - -154)*3/1. Suppose 5*k - 2*k = i. Is k a composite number?
True
Let n be 3 + 0/(-3) - 0. Let b be n/2*(-8)/(-12). Is 137 - (-2 - b) - 1 prime?
True
Suppose 0 = -x - i + 34 + 67, 0 = -2*x - i + 206. Suppose 21 = -0*q + 7*q. Suppose -4*b + 123 = 3*v, q*v + 2*b = 4*b + x. Is v a composite number?
False
Suppose -q + 3*d - 6 = -d, 4*q - 39 = -5*d. Let v = q + 11. Suppose 2*z - v = 11. Is z a prime number?
False
Let t(x) = 31*x + 20. Is t(15) a prime number?
False
Let c = 19 - -58. Is c prime?
False
Let m be 1 + 2*417 - 1. Suppose -m = -2*c - 200. Is c a composite number?
False
Suppose -3*z + 3*f + 1710 = -2*z, 0 = -4*z + 4*f + 6848. Is z composite?
True
Suppose -6020 - 5956 = -8*v. Is v prime?
False
Suppose 68 + 770 = 2*r. Is r a prime number?
True
Suppose s + 484 = 5*s. Is s prime?
False
Suppose -2*m - 19 = 2*q - 499, -q = 2*m - 240. Suppose 2*u = q + 22. Is u a prime number?
True
Let u(n) = -n**3 + 7*n**2 - 4*n + 1. Suppose -10 + 25 = t. Suppose 3*r - 3 = t. Is u(r) a composite number?
False
Suppose q - 684 = 5*q. Let f = 326 + q. Is f prime?
False
Let z(q) be the first derivative of 46*q**3/3 - q**2/2 + 2. Let p be z(-1). Suppose 3*l = 4*h - 2*l - 61, 3*h - p = 5*l. Is h prime?
False
Suppose 2*c - 18 = 4*c. Let w(x) be the second derivative of -x**4/12 - 8*x**3/3 + 4*x**2 - 2*x. Is w(c) a prime number?
True
Let a(x) = -647*x - 17. Is a(-2) composite?
False
Let p = 7 + -3. Suppose 34 = 5*i + 9, -p*z + 2*i - 2 = 0. Suppose 0 = -z*y + 19 + 19. Is y a prime number?
True
Suppose -631 = 7*r - 8*r. Is r a prime number?
True
Let m be 1/(3/(-186)) - 1. Let y = m + 112. Is y a prime number?
False
Let j(u) = u**2 - 10*u - 7. Let d be j(11). Let c = d - 3. Is -21*(c + (-4)/3) a prime number?
True
Suppose -w - 9 = -2*w - 3*i, -3*i = -4*w + 6. Let k(v) = -v**3 + 2*v**2 + 4*v. Is k(w) a composite number?
False
Suppose s = 4*s - 705. Is s composite?
True
Let z(n) = n**3 + 5*n**2 + 5*n + 1. Let o be z(-4). Is ((-1262)/8)/(o/12) a prime number?
True
Suppose -525 - 20 = -5*h. Is h a composite number?
False
Let f = 4 + 1. Suppose -2*z - 2*n + 125 = 5, -231 = -4*z + f*n. Is z composite?
False
Suppose d = -3*j + 590, 2*d - 1179 = -4*j - j. Is d a prime number?
True
Let q(v) be the second derivative of -3*v**3/2 - 5*v**2/2 - v. Let n be q(-5). Let i = n - 18. Is i composite?
True
Is (1511*(-2)/6)/(19/(-57)) composite?
False
Let d = -5 + 0. Let p(u) = -u**3 - 4*u**2 + 6*u. Let l be p(d). Is (l + -2)*(-2 + -1) composite?
True
Let w be (1 + 1)/(6/2292). Is (-2)/(1 + (-772)/w) composite?
False
Let b = -25109 + 35508. Is b a prime number?
True
Let n be (-17)/(-5) - (-6)/(-15). Suppose -255 = -n*q + 276. Suppose 0 = -3*j + 6*j - q. Is j prime?
True
Let f(t) = 329*t + 12. Is f(5) prime?
True
Let p(c) = -c**2 - 12*c - 7. Let z(w) = -w**2 - 11*w - 7. Let l(a) = 5*p(a) - 6*z(a). Is l(9) prime?
False
Let i(r) = -2*r**3 - r**2 + 2*r + 479. Is i(0) a composite number?
False
Let n(c) = 3*c**3 + 1. Let b be n(1). Suppose b*s - 415 = -s. Suppose s = -4*g + 5*g. Is g composite?
False
Let a(r) = -9523*r + 4. Is a(-1) a prime number?
False
Let n be 8/3*18/8. Suppose k - 14 = -5*o - k, n = 4*o - k. Suppose 2*g - 156 = -o*g. Is g a composite number?
True
Let o(p) = -6*p. Let r be o(-2). Is ((-12)/4)/(-3) + r prime?
True
Let c be 7 + -10 - (-16 + 1). Is 686/22 - c/66 a composite number?
False
Let d(v) = v**2 + v - 1. Let b be d(-3). Suppose 0 = b*m + 3 + 27. Let c(p) = -p + 4. Is c(m) composite?
True
Let z = 329 - 190. Suppose o + 2*p - 124 = 80, -2*p - 2 = 0. Let d = o - z. Is d prime?
True
Let d = -55 + -24. Suppose 4*o = 4*b - 680, 2*o + b + 194 = -134. Let f = d - o. Is f a composite number?
True
Let c(u) = -u + 11. Let z be c(7). Suppose -2*r + z = -0*r, x = 5*r + 117. Is x a composite number?
False
Suppose -693 = -3*u + 1320. Is u a prime number?
False
Let q(g) = g**3 + 10*g**2 - g + 4. Let u be q(-7). Suppose -4*a + u = -2*a. Is a composite?
False
Suppose 12*h - 1348 = 8*h. Is h a prime number?
True
Suppose -345 = g - 4*g. Is g a prime number?
False
Let k(i) = 2013*i**2 - 3*i + 1. Is k(-1) a prime number?
True
Let r = -8510 + 12343. Is r a prime number?
True
Suppose -7*x + 8*x - 203 = 0. Is x a prime number?
False
Let a(g) = -24*g + 1. Let m be a(-3). Let v(n) = n**3 - n**2 - 4*n - 1. Let j be v(3). Suppose 2*h + j*r - 151 = -28, 2*h - 5*r - m = 0. Is h composite?
True
Suppose -4*s + 2*v = -3680, 4*s - 2*v = 2*s + 1842. Is s composite?
False
Let s be 15/(-2)*-2*1. Suppose 2*a + a - s = 0. Suppose -5*r + f = -515, -a*r + 2*r + 309 = 4*f. Is r composite?
F